 c be (-5)/(-25)*(-10)/(-2). Calculate the greatest common divisor of c and 1.
1
Let k be -43*(-6)/(-4)*(-28)/42. What is the greatest common factor of k and 129?
43
Let b(p) = 6*p**2 + p. Let c be (-1 - 0)/(1 - 0). Let w be b(c). Suppose -13 = -4*m + 2*h + 9, w*h = m - 10. What is the highest common divisor of m and 50?
5
Let g be (0 - -11) + -4 + 3. Calculate the greatest common factor of 20 and g.
10
Let s = -44 + 20. Suppose -126 = 4*o + 14. Let y = s - o. What is the greatest common divisor of 99 and y?
11
Suppose -15*i + 13*i + 2 = 0. What is the highest common factor of 2 and i?
1
Suppose 0*b - 51 = -3*b. Let y = 5 + b. Suppose 4*p - 23 = -15. Calculate the greatest common factor of p and y.
2
Let s(b) = 9*b. Let f be s(-2). Let o be (-158)/f + 4/18. What is the highest common divisor of o and 81?
9
Let c be 1/4 + (-33)/4. Let g(x) = -5*x + 1. Let h(w) = -26*w + 5. Let o(m) = 22*g(m) - 4*h(m). Let v be o(c). What is the highest common divisor of 5 and v?
5
Suppose 2*i - 4 = 6. Let v = i - 2. Suppose h = 12 - 0. What is the greatest common divisor of v and h?
3
Let w = 9 + -6. Suppose 2*m - 4*a - 16 = 0, -6*m - w*a + 42 = -3*m. Calculate the greatest common factor of 6 and m.
6
Let y be 2 - ((5 - 1) + -7). Suppose 0 = y*m - 0*m - 10. Suppose -2*q - 2*q = -8. Calculate the greatest common factor of m and q.
2
Let b(x) = 3*x**2 - 6*x + 3. Let f be b(6). Suppose 14*k = 13*k + 115. Let h = k - f. What is the highest common factor of h and 16?
8
Let x be ((-303)/9)/(1/(-15)). Suppose 0 = -5*h + 2*w + x, 6*w = 3*h + w - 322. Calculate the greatest common divisor of 9 and h.
9
Suppose -3*n - 41 = -140. Let k be ((-1)/3)/(2/(-18)). Suppose 0 = -j - k + 25. What is the greatest common divisor of j and n?
11
Let d(s) = -s**2 + 3*s + 1. Let v be d(0). What is the highest common divisor of 3 and v?
1
Suppose 7*g - 10*g = -21. Calculate the highest common divisor of 35 and g.
7
Let q be 4/(3 - 122/42). Suppose a + q = 4*a. Let p be 704/10 - (-2)/(-5). Calculate the greatest common divisor of a and p.
14
Let g be -6 + -2 + (2 - 1). Let n(a) = a + 10. Let o be n(g). What is the highest common factor of o and 24?
3
Let i = -2 + 6. Suppose 4*u - 5*g = 50, -2*u - 18 = -3*u + i*g. Suppose 0 = 4*w - 53 + 13. Calculate the highest common divisor of w and u.
10
Let d = -107 - -157. What is the greatest common divisor of d and 10?
10
Let w = 3 + 29. Let j = 31 + -27. Calculate the highest common factor of w and j.
4
Let s(o) = -o**2 - 12*o - 5. Let z be s(-7). What is the greatest common factor of z and 150?
30
Let j be (2 - -3)/15*6. Calculate the highest common factor of j and 8.
2
Suppose 2*l - 5*x = -6, -3*l + 44 = l + 4*x. Let r(z) = 312*z - 2. Let p be r(-2). Let f be (-2)/(-9) + p/(-18). Calculate the highest common factor of f and l.
7
Let m = -8 + 4. Let y be 1176/54 - m/18. What is the highest common factor of y and 154?
22
Suppose -4*v + 51 = 5*o, 0*o + 2*o - v = 10. Calculate the greatest common factor of o and 175.
7
Suppose -5*n - 3*s = 2*s + 60, -5*s + 30 = -4*n. Let t(j) = -2*j - 10. Let b be t(n). Calculate the greatest common factor of b and 80.
10
Suppose 0 = -5*a + 3*a + 4. Let w(d) = 30*d + 6. Let g be w(5). Suppose -a*j + 6*j - g = 0. Calculate the highest common divisor of 26 and j.
13
Let y(s) = s. Let v(z) = 4*z - 9. Let g(k) = v(k) - 2*y(k). Let r be g(6). Calculate the highest common factor of r and 33.
3
Suppose -3*f - 9 = -2*o, 2*o - 21 - 9 = -4*f. Calculate the greatest common factor of 99 and o.
9
Suppose -q + 0*q - 1 = 0. Let z = -1 - q. Suppose z = 2*n + n - 51. Calculate the highest common factor of 68 and n.
17
Suppose c - 6*c = u - 23, 115 = 5*u - 2*c. Calculate the highest common factor of u and 253.
23
Let a = -22 - -42. Calculate the greatest common factor of 30 and a.
10
Let r be (-11)/((4 + -1)/(-3)). Suppose 96 = 2*k - 4*z, -5*k - 3*z - 2*z + 210 = 0. Calculate the greatest common divisor of k and r.
11
Let f(h) = 2*h**2 + 8*h - 11. Let c be f(8). Let j = 307 - c. What is the greatest common divisor of 14 and j?
14
Suppose -9*w - 44 = -134. Suppose -276 = -3*q - 3*b, 0 = -2*q - 3*b + 6*b + 174. Calculate the greatest common factor of q and w.
10
Let k(h) = h**3 - 7*h**2 + 10*h - 8. Let f be k(6). Let l be 6/(-10) + 1577/95. Calculate the greatest common divisor of l and f.
16
Let f = -21 + 38. Let c(p) = p**3 - 17*p**2 + 17*p + 18. Let z be c(16). Calculate the highest common factor of z and f.
17
Let m(z) = z**2 + 4*z + 9. Let d be m(-7). Suppose 0*t + t + 5*c - 1 = 0, -11 = -t + 5*c. What is the highest common divisor of d and t?
6
Let x(g) = -5*g + g**2 - 2 - 2*g + 0 - 2*g**2. Let c be x(-4). Let z(n) = -3*n + 1. Let j be z(-1). What is the highest common factor of c and j?
2
Suppose -5*u = -4*u - 15. Let j be 2 + 2/4*2. Calculate the highest common divisor of j and u.
3
Suppose 5*z - 75 = -3*c, 15 = 3*z - 2*z + c. Suppose 2*f - 5*f - 15 = 0, 5*f = 5*j - 55. Calculate the highest common factor of z and j.
3
Let r(b) = 2*b + 4. Let i be r(2). Calculate the highest common divisor of 40 and i.
8
Let o = 561 - 201. Calculate the greatest common divisor of o and 40.
40
Suppose -4*b = -802 - 494. Suppose 0 = 5*d - b + 9. Calculate the highest common factor of 7 and d.
7
Suppose -2*l + l + 6 = 0. Let z be ((-36)/(-2))/(l/(-28)). Let y = -50 - z. What is the greatest common factor of y and 51?
17
Let j be (1 + 16/(-10))*-130. Calculate the highest common factor of 195 and j.
39
Let a(x) = -x**3 - 5*x**2 + 7*x + 9. Let y(j) = -j**3 - 5*j**2 - 2*j + 6. Let h be y(-3). Let o be a(h). What is the greatest common divisor of 2 and o?
1
Let g(l) = 3 + 5 - l + 0*l. Let v be g(0). Let o = -70 + 126. What is the highest common factor of v and o?
8
Let t(s) = s**3 + 12*s**2 - 12*s + 16. Let r be t(-13). Suppose 2*f - f = -5*w + 3, 5*f - 4*w = 15. Calculate the highest common divisor of r and f.
3
Suppose 0 = -3*o - 3*o + 90. Calculate the greatest common divisor of 10 and o.
5
Let g(q) = -q**3 + 6*q**2 + 6*q + 3. Let a be g(6). Suppose 0 = -0*p + 3*p - a. What is the greatest common factor of p and 39?
13
Let c = 6 + 2. Let j = 1 + -1. Suppose -z + 4*z - 168 = j. Calculate the highest common factor of c and z.
8
Suppose b + 13 = x - 13, 0 = 3*x + 2*b - 58. What is the greatest common factor of 11 and x?
11
Suppose -10 - 4 = -2*g + 2*w, 3*g + w - 5 = 0. Let h be -2 + g/(6/20). What is the greatest common factor of h and 1?
1
Let z be (7/2 + -4)*-2. Calculate the highest common factor of 11 and z.
1
Suppose -3*z + 7*z + 61 = 3*k, -z = 2*k - 48. Let v = -8 + k. Suppose 0 = 4*m - 4*u - 72, 6*u - u = -4*m + 45. What is the greatest common divisor of m and v?
15
Suppose 4*s + 4 = 0, 38 = 5*r - 5*s - 32. Let j be 2*(-9)/6 - r. Let o = 49 + j. Calculate the highest common divisor of o and 3.
3
Suppose 9*x - 90 = 6*x. Calculate the highest common factor of x and 45.
15
Let m(s) = s**3 - 2*s**2 - 11*s - 6. Let h be m(5). Let d be -1 - -3 - (-2 - 0). Suppose -4 = -d*q + 2*q. What is the highest common factor of q and h?
2
Suppose -2*v + 5*d - 17 = 0, -2*v + 3*d - 3 = 4. Let c be 2/5*(-5)/(-2). Calculate the greatest common divisor of c and v.
1
Suppose n - 11 + 3 = -3*c, n = 5*c - 8. Let b be -2 + n/(4/14). Suppose -3*m + b = -1. What is the greatest common factor of 14 and m?
2
Let r be 3*15 + 0/1. Let q(z) = 7*z - 3 - 6*z**2 + 3*z**2 + 4*z**2. Let o be q(-9). Calculate the highest common factor of o and r.
15
Let h(k) = -144*k. Let a be h(-1). Suppose -5*b = 3*v - 34, -6*v - 5*b + 31 = -4*v. Suppose -v*u = u - a. Calculate the greatest common divisor of u and 12.
12
Let j = -8 - -13. Suppose j = 4*d - 5*d. Let f = -4 - d. Calculate the highest common factor of f and 1.
1
Let o be 4*1/2 + 228. Let s = 335 - o. Calculate the highest common factor of 42 and s.
21
Suppose -5*n = 2*v - 564, 2*v + n - 550 = 3*n. Let g = -133 + v. Suppose u - g = -2*u. Calculate the highest common divisor of u and 32.
16
Suppose 2*h - 638 = -2*r, 3*r + 7*h = 3*h + 953. Calculate the greatest common factor of 17 and r.
17
Let t(f) = 2*f**2 + 4*f. Let s be t(-5). Let h be (-77)/(-5) + (-12)/s. What is the highest common divisor of 60 and h?
15
Let b = 0 + 4. Suppose 3*r - 2*n = 31, -5*r - 5*n = -7*r + 28. Let g be (-66)/b*(-6)/r. What is the greatest common diviso